{"id":169,"date":"2024-03-07T10:49:42","date_gmt":"2024-03-07T10:49:42","guid":{"rendered":"https:\/\/wordpressthemes.live\/WCG2\/WCM33_smarteye\/sunglasses01\/?post_type=product&#038;p=169"},"modified":"2024-06-25T20:53:08","modified_gmt":"2024-06-25T20:53:08","slug":"audifono-bluetooth-tecmaster-airpro-tecmaster","status":"publish","type":"product","link":"https:\/\/netsuronline.cl\/?product=audifono-bluetooth-tecmaster-airpro-tecmaster","title":{"rendered":"Audifono Bluetooth Tecmaster Airpro TECMASTER"},"content":{"rendered":"<p>Sonido realmente m\u00e1gico Los AirPro fueron dise\u00f1ados para brindarte un sonido inmersivo, con un ajuste personalizado para que los lleves puestos todo el d\u00eda con comodidad.<\/p>\n","protected":false},"excerpt":{"rendered":"<p>Sonido realmente m\u00e1gico Los AirPro fueron dise\u00f1ados para brindarte un sonido inmersivo, con un ajuste personalizado para que los lleves puestos todo el d\u00eda con comodidad.<\/p>\n","protected":false},"featured_media":825,"comment_status":"open","ping_status":"closed","template":"","meta":{"_bst_post_transparent":"default","_bst_post_title":"","_bst_post_layout":"default","_bst_post_sidebar_id":"","_bst_post_content_style":"default","_bst_post_vertical_padding":"default","_bst_post_feature":"","_bst_post_feature_position":"","_bst_post_header":false,"_bst_post_footer":false},"product_cat":[82],"product_tag":[97],"class_list":{"0":"post-169","1":"product","2":"type-product","3":"status-publish","4":"has-post-thumbnail","6":"product_cat-accesorios","7":"product_tag-sonido","9":"first","10":"outofstock","11":"featured","12":"shipping-taxable","13":"purchasable","14":"product-type-simple","15":"entry","16":"content-bg","17":"loop-entry"},"_links":{"self":[{"href":"https:\/\/netsuronline.cl\/index.php?rest_route=\/wp\/v2\/product\/169","targetHints":{"allow":["GET"]}}],"collection":[{"href":"https:\/\/netsuronline.cl\/index.php?rest_route=\/wp\/v2\/product"}],"about":[{"href":"https:\/\/netsuronline.cl\/index.php?rest_route=\/wp\/v2\/types\/product"}],"replies":[{"embeddable":true,"href":"https:\/\/netsuronline.cl\/index.php?rest_route=%2Fwp%2Fv2%2Fcomments&post=169"}],"wp:featuredmedia":[{"embeddable":true,"href":"https:\/\/netsuronline.cl\/index.php?rest_route=\/wp\/v2\/media\/825"}],"wp:attachment":[{"href":"https:\/\/netsuronline.cl\/index.php?rest_route=%2Fwp%2Fv2%2Fmedia&parent=169"}],"wp:term":[{"taxonomy":"product_cat","embeddable":true,"href":"https:\/\/netsuronline.cl\/index.php?rest_route=%2Fwp%2Fv2%2Fproduct_cat&post=169"},{"taxonomy":"product_tag","embeddable":true,"href":"https:\/\/netsuronline.cl\/index.php?rest_route=%2Fwp%2Fv2%2Fproduct_tag&post=169"}],"curies":[{"name":"wp","href":"https:\/\/api.w.org\/{rel}","templated":true}]}}