{"id":172,"date":"2024-03-07T10:57:05","date_gmt":"2024-03-07T10:57:05","guid":{"rendered":"https:\/\/wordpressthemes.live\/WCG2\/WCM33_smarteye\/sunglasses01\/?post_type=product&#038;p=172"},"modified":"2024-06-25T20:51:37","modified_gmt":"2024-06-25T20:51:37","slug":"monitor-aoc-aoc","status":"publish","type":"product","link":"https:\/\/netsuronline.cl\/?product=monitor-aoc-aoc","title":{"rendered":"Monitor Aoc  AOC"},"content":{"rendered":"<p>La pantalla de 21,5&#8243; del monitor 22B2HN ofrece una experiencia sencilla de alta calidad que es ideal para el usuario dom\u00e9stico. El panel VA en resoluci\u00f3n Full HD (1920 x 1080 a 75 Hz) ofrece im\u00e1genes n\u00edtidas y una incre\u00edble paleta de colores. Con un dise\u00f1o de bordes ultra delgados en 3 lados, el monitor tambi\u00e9n ahorra espacio y mejora el enfoque.<\/p>\n","protected":false},"excerpt":{"rendered":"<p>La pantalla de 21,5&#8243; del monitor 22B2HN ofrece una experiencia sencilla de alta calidad que es ideal para el usuario dom\u00e9stico. El panel VA en resoluci\u00f3n Full HD (1920 x 1080 a 75 Hz) ofrece im\u00e1genes n\u00edtidas y una incre\u00edble paleta de colores. Con un dise\u00f1o de bordes ultra delgados en 3 lados, el monitor&#8230;<\/p>\n","protected":false},"featured_media":824,"comment_status":"open","ping_status":"closed","template":"","meta":{"_bst_post_transparent":"default","_bst_post_title":"","_bst_post_layout":"default","_bst_post_sidebar_id":"","_bst_post_content_style":"default","_bst_post_vertical_padding":"default","_bst_post_feature":"","_bst_post_feature_position":"","_bst_post_header":false,"_bst_post_footer":false},"product_cat":[82,81],"product_tag":[94,95,96],"class_list":{"0":"post-172","1":"product","2":"type-product","3":"status-publish","4":"has-post-thumbnail","6":"product_cat-accesorios","7":"product_cat-vigilancia","8":"product_tag-hdmi","9":"product_tag-monitor","10":"product_tag-vigilancia","12":"first","13":"outofstock","14":"featured","15":"shipping-taxable","16":"purchasable","17":"product-type-simple","18":"entry","19":"content-bg","20":"loop-entry"},"_links":{"self":[{"href":"https:\/\/netsuronline.cl\/index.php?rest_route=\/wp\/v2\/product\/172","targetHints":{"allow":["GET"]}}],"collection":[{"href":"https:\/\/netsuronline.cl\/index.php?rest_route=\/wp\/v2\/product"}],"about":[{"href":"https:\/\/netsuronline.cl\/index.php?rest_route=\/wp\/v2\/types\/product"}],"replies":[{"embeddable":true,"href":"https:\/\/netsuronline.cl\/index.php?rest_route=%2Fwp%2Fv2%2Fcomments&post=172"}],"wp:featuredmedia":[{"embeddable":true,"href":"https:\/\/netsuronline.cl\/index.php?rest_route=\/wp\/v2\/media\/824"}],"wp:attachment":[{"href":"https:\/\/netsuronline.cl\/index.php?rest_route=%2Fwp%2Fv2%2Fmedia&parent=172"}],"wp:term":[{"taxonomy":"product_cat","embeddable":true,"href":"https:\/\/netsuronline.cl\/index.php?rest_route=%2Fwp%2Fv2%2Fproduct_cat&post=172"},{"taxonomy":"product_tag","embeddable":true,"href":"https:\/\/netsuronline.cl\/index.php?rest_route=%2Fwp%2Fv2%2Fproduct_tag&post=172"}],"curies":[{"name":"wp","href":"https:\/\/api.w.org\/{rel}","templated":true}]}}